of -c**4/4 + 5*c**3/3 + c**2/2 - 3*c + 605. Determine v(5).
2
Let l(g) = g**3 + 34*g**2 - 70*g + 80. Suppose 152 = -15*i - 187 - 201. Determine l(i).
8
Let c(i) = 18*i - 21057 - i**2 + 21029 + 0*i**2. Calculate c(15).
17
Let q(i) = i**3 - i**2 - 12*i - 5. Let k(f) = -f**2 - 3*f - 1. Let t(j) = -4*k(j) + q(j). Give t(-5).
-51
Let r(q) = 58*q**2 - 65*q - 139. Let x(l) = 9*l**2 - 11*l - 23. Let g(a) = 2*r(a) - 13*x(a). What is g(14)?
7
Let h(b) = 3*b + 17. Let m(x) = 2*x + 11. Let q(c) = 5*h(c) - 8*m(c). Suppose 17 = -3*p - 2*n, -5*n - 17 = -3*p + 2*p. What is q(p)?
0
Let j(p) = p**3 - 3*p. Let o be j(0). Let i = 39 - 37. Suppose -5*m = 6 + 4, o = 3*d - 4*m - i. Let k(r) = r**3 + r**2 - 2*r. Give k(d).
0
Let m(k) = k**2 - 2*k + 1. Suppose 15 = -8*t - 1. Let s be ((-2 - t)/(-1))/(11 - 12). Suppose s = -4*z - 0*x + 3*x + 4, -x = 4*z - 4. Give m(z).
0
Let k(m) = -m - 9. Let l = 416 - 389. Suppose l = r + 4*b, 0*b + 60 = 5*r + 5*b. What is k(r)?
-16
Let m(c) = -c - 31. Let i be 3 + 3/(-1)*-1. Let q(j) = i - 7 - 2 - 3. Let o(x) = 2*m(x) - 11*q(x). Calculate o(-4).
12
Let h = 4106 + -4101. Let w(o) = -o**3 + 4*o**2 - o + 6. Determine w(h).
-24
Let r(z) = -55*z - 214. Let b be (-3 - 38/(-14))/(6/(75 + 9)). Give r(b).
6
Suppose -463 = 36*n - 715. Let q(x) = -x + 25. Calculate q(n).
18
Suppose 0*r + 325 = 2*u - r, 3*u - 5*r - 470 = 0. Let k(c) = 90 + 2*c + 81 - u. What is k(-7)?
-8
Let n(a) be the first derivative of 7*a**2/2 + 176*a + 184. Let h be n(-25). Let d(u) = -7*u**2 - u. What is d(h)?
-8
Let j(z) be the third derivative of z**5/30 + z**4/8 - 2*z**3/3 - 242*z**2 + 1. Give j(2).
10
Suppose 0*q + 30 = 3*q. Let z(p) be the first derivative of -p**3/3 + 11*p**2/2 - 15*p + 5065. What is z(q)?
-5
Let d(j) = -2*j + 6. Let z(f) = f**2 - 7*f - 2. Let v = -33 + 76. Let o = v - 35. Let b be z(o). Give d(b).
-6
Let y(b) = -1 + 1738*b**2 - 582*b**2 + 3*b + 59*b**3 - 577*b**2 - 582*b**2. Give y(1).
58
Let a be ((24/10)/2)/(86/215). Let g(f) = -14*f + 11. Let v(h) = 29*h - 25. Let c(l) = a*v(l) + 7*g(l). Determine c(2).
-20
Let l(x) = -2 - 7*x**2 + 3*x + 9*x**2 + 3 + 1. Let j be l(-3). Suppose -j*o = -70 + 4. Let r(d) = d**3 - 7*d**2 + 8*d - 3. Give r(o).
9
Let v(z) = 7*z. Suppose 1 - 1 = 5*l. Suppose -63 = -3*k - l*k. Suppose -y = -n - 3*n + k, 5*y + 10 = n. Give v(y).
-7
Let f(h) = -h**2 + 95 + 160 - 52*h + 198 - 162. Determine f(5).
6
Let m be 14/6 + (-10)/(-15). Let u = 2207 - 1228. Let z(p) = 2*p + p - 981 + p**2 + u. Give z(m).
16
Let s(j) = -3750*j**3 - 13*j + 1877*j**3 + 7 + 8*j + 1875*j**3 - j**2. What is s(2)?
9
Let f be ((-25)/(-20))/5*(16 + 0). Let c(t) = -4*t**3 - t**2 - 5*t - 5. Let z(d) = d**3 + 3*d + 3. Let v(q) = f*c(q) + 7*z(q). Calculate v(1).
-11
Let a be -12*(11 + 851/(-69)). Let o(t) = t**2 - 21*t + 101. Determine o(a).
21
Suppose 0 = 87*t - 155*t + 82*t - 70. Let x(f) = -f + 12. Calculate x(t).
7
Let v(g) = g**3 - 4*g**2 + g + 3. Suppose 7*l - 108 = -31. Let c(w) = -14*w**2 + 12*w + 14*w**2 - l*w**2 - 17 + w**3. Let o be c(10). Determine v(o).
-3
Let h(z) = z**3 + 1. Let a(q) = q**3 - 3*q**2 - 47*q + 96. Let v be a(2). What is h(v)?
-7
Suppose -b + 9*x - 2 + 12 = 0, -4*b - 4*x = 0. Let g = 12 + -8. Let t(o) = -1 - g*o - 5*o**2 + o + 5*o. Determine t(b).
-4
Let b(s) = -7*s**2 - 15*s + 10. Let g(o) = 13*o**2 + 29*o - 19. Let m(u) = 11*b(u) + 6*g(u). Let x = -200350 - -200341. Determine m(x).
-4
Suppose 51*t + 31 + 428 = 0. Let o(w) = w**3 + 10*w**2 + 5*w - 13. Determine o(t).
23
Let o(h) = 3*h**2 + 12*h + 26. Let g(z) = 3*z**3 - 38*z**2 - 63*z + 642. Let p be g(13). Calculate o(p).
122
Let s(a) = 2*a**3 - 3*a**2 - 2*a + 2. Suppose 0 = 6*m + 8 + 4. Let h be 4/m + (-30)/6 + 5. Calculate s(h).
-22
Let j(t) = 15*t - 15. Let h(b) = -6*b + 241. Let w be h(39). Give j(w).
90
Let b be ((-340)/(-24))/5 - (22/12 - 2). Let x(w) be the third derivative of 0*w**b + 1/24*w**4 + 0 - 18*w**2 - 1/60*w**5 + 1/15*w**6 + 0*w. What is x(1)?
8
Let t(w) = -22*w - 154 - 178 - 179 + 204. Determine t(-14).
1
Let g(z) = -4*z - 7. Let a be g(-4). Let t(p) = -3*p**2 + 14*p - 11. Let k(b) = -13*b**2 + 56*b - 45. Let f(l) = a*t(l) - 2*k(l). Determine f(13).
4
Let h(c) = 5*c - 32. Suppose -2*l + 48 = 4*g, 2*l + 87*g - 86*g = 27. Calculate h(l).
18
Let l(q) be the first derivative of -1/4*q**4 + 5/2*q**2 + 4*q - 174 - 5/3*q**3. Give l(-5).
-21
Let g(n) = -n**3 - 12*n**2 - 10*n + 34. Let w be (-65610)/5994 + (-2)/37. What is g(w)?
23
Let u(g) = -9*g - 20. Let m(a) = -6*a - 13. Suppose -6*c + 12 = -18. Suppose -c*o + 19 + 6 = 0. Let j(n) = o*u(n) - 8*m(n). Calculate j(-3).
-5
Suppose 4*o = -n + 11, 24*o - 2 = 23*o. Let b(x) be the first derivative of 30 + 1/3*x**n + 4*x**2 + 7*x. Calculate b(-7).
0
Let r(f) = -f**2 + 17*f - 23. Suppose 38 = 2*p + 7*t - 9*t, 59 = 5*p + t. Give r(p).
29
Suppose -2*a + 16 = -0*a. Let f(i) = -7*i + 26. Let t(x) = 39*x - 140. Let y(l) = 11*f(l) + 2*t(l). Calculate y(a).
14
Let h(t) = 5*t**2 - 51*t + 6. Let d(g) = 16*g**2 - 165*g + 19. Let m(u) = 4*d(u) - 13*h(u). Let y be (7 + -1)*1/2. Calculate m(y).
-2
Let h(x) = 4*x - x**2 + 5*x - 24295 + 24188 - 37*x. Calculate h(-25).
-32
Let p(c) = c**2 + 6*c + 3. Let f be p(-6). Let v(q) = -5*q**2 - 6*q + 1. Let h(k) = -7*k**2 - 7*k + 2. Let w(u) = -4*h(u) + 5*v(u). Calculate w(f).
18
Let z(l) = -l**3 - 9*l**2 + 7*l - 20. Suppose -66*d + 243 = -93*d. What is z(d)?
-83
Let v(n) = n**3 - 12*n**2 - 10*n - 41. Let k be (11 + -1)/10*3/(9/39). What is v(k)?
-2
Let w(c) = 4*c**2 - 24 + 2 + 21 - 2*c**3. Suppose 5*s - 18 = -s. Calculate w(s).
-19
Let b(g) = -g**3 - 9*g**2 - 2*g + 1. Let h be b(-9). Let z(f) = 3*f + 10 + f + 3 - 16*f - h - f**2. Calculate z(-11).
5
Suppose 3*f = 3, -f + 26 = -2*p + 7*p. Suppose 41*j = p*j. Let y(h) be the second derivative of -h**4/12 + 3*h**2/2 + h. Determine y(j).
3
Suppose 0 = q + 8 - 3, 2*o - 143 = 3*q. Suppose 0 = -24*d - 88 + o. Let c(i) = 12*i + 1. Determine c(d).
-11
Suppose -19 + 34 = 3*z. Suppose -4*n + 8*q = z*q - 39, -2*q = -5*n + 54. Let m(r) = 5 + n*r - 18 - 14*r. Determine m(-10).
7
Let k(r) = 12*r + 9*r + 15 - r**2 - 19*r - 2. Give k(7).
-22
Let b(k) = -k**2 - 4*k + 32. Suppose 3*y - 30 = -3*d, 845*y - 849*y - 2 = -3*d. Calculate b(y).
0
Suppose 2*b - 4*w + 12 = 0, b + 9 = 2*b + w. Let j(p) be the second derivative of p**5/20 - p**4/3 - p**3/2 + 3*p**2/2 - 3*p. What is j(b)?
-9
Let w be (-14)/(-5)*(-5)/2. Let c(u) = 13*u**2 + 7*u. Let t(s) = -24*s**2 - 14*s. Let m(y) = -11*c(y) - 6*t(y). Calculate m(w).
0
Let g(j) = 4*j**3 + 17*j**2 + 2*j + 8. Let h(s) = 3*s**3 + 12*s**2 + 4*s + 8. Let b(x) = -2*g(x) + 3*h(x). Calculate b(-2).
-8
Let r = -17 + 22. Let x be 4 + r/(-1) + -5. Let h(g) be the first derivative of -g**2 - 6*g - 23. What is h(x)?
6
Let g(k) = 1 - 18*k**3 - 2 + 4*k**2 - 2*k**3 + 18*k**3 + k. Suppose 7*q = 12 + 9. Calculate g(q).
-16
Let u(a) be the first derivative of a**2/2 + 15*a + 66. Give u(5).
20
Suppose 0 = -79*p - 171*p - 39*p + 6358. Let l(y) = y - 33. Determine l(p).
-11
Let o = -111 - -113. Let p(u) = 8*u**3 - 2*u**2 + 8*u + 2. Let m(d) = -7*d**3 + 2*d**2 - 7*d - 2. Let v(j) = -6*m(j) - 5*p(j). What is v(o)?
14
Let o(y) be the third derivative of y**6/360 - 7*y**5/30 + 19*y**4/3 + 145*y**2. Let u(n) be the second derivative of o(n). Give u(15).
2
Suppose -2*w = 3*w + 20. Let t be (-3)/(9/24)*(-4)/w. Let m(h) = h**3 + 8*h**2 - 2*h - 11. What is m(t)?
5
Let n(a) be the third derivative of a**7/2520 + a**6/90 + 11*a**5/120 + 7*a**4/6 + 2*a**2 + 21*a. Let f(p) be the second derivative of n(p). Determine f(-8).
11
Let f be (-5)/((-25)/2)*5. Suppose 0 = -3*i - 9, 42 - 6 = -5*t - f*i. Let c(d) = -2*d + 121 - 439 + 312. What is c(t)?
6
Suppose 2*b + 6*q = q + 29, -15 = -5*q. Suppose 4*u + 12 = b*u. Let c be 2/u - 4*60/32. Let s(o) = o**2 + 7*o - 2. Calculate s(c).
-2
Suppose 4 = z, -5*z = 4*u - z - 12. Let k(g) be the second derivative of 6 - 1/6*g**3 - 5*g - g**2. What is k(u)?
-1
Let s(a) = 50*a + 41. Let n(i) = 8*i + 5. Let f(y) = 13*n(y) - 2*s(y). Determine f(4).
-1
Let m(x) = 2*x**2 + 5*x + 1. Let i be 30 - (-5032)/(-170) - ((-42)/(-5) + -2). Determine m(i).
43
Let d be (1 + (-15)/21)*(24 + -31). Let s = -5 - -13. Let m(o) = 9 - 4*o**2 - s - o**2. Determine m(d).
-19
Let a(q) = q**3 + 8*q**2 + 3*q - 14. Suppose -5*x + 5*s = 0, x = 5*s - 12 + 40. 